{"id":54,"date":"2025-12-03T14:28:44","date_gmt":"2025-12-03T14:28:44","guid":{"rendered":"https:\/\/gustavoalejandromercado.fpcei.eu\/?page_id=54"},"modified":"2026-03-10T19:55:16","modified_gmt":"2026-03-10T19:55:16","slug":"inicio","status":"publish","type":"page","link":"https:\/\/gustavoalejandromercado.fpcei.eu\/?page_id=54","title":{"rendered":"Inicio"},"content":{"rendered":"\n<div class=\"wp-block-cover\"><img fetchpriority=\"high\" decoding=\"async\" width=\"1024\" height=\"680\" class=\"wp-block-cover__image-background wp-image-56 size-large\" alt=\"\" src=\"https:\/\/gustavoalejandromercado.fpcei.eu\/wp-content\/uploads\/2025\/12\/galaxia-1-1024x680.jpg\" data-object-fit=\"cover\" srcset=\"https:\/\/gustavoalejandromercado.fpcei.eu\/wp-content\/uploads\/2025\/12\/galaxia-1-1024x680.jpg 1024w, https:\/\/gustavoalejandromercado.fpcei.eu\/wp-content\/uploads\/2025\/12\/galaxia-1-300x199.jpg 300w, https:\/\/gustavoalejandromercado.fpcei.eu\/wp-content\/uploads\/2025\/12\/galaxia-1-768x510.jpg 768w, https:\/\/gustavoalejandromercado.fpcei.eu\/wp-content\/uploads\/2025\/12\/galaxia-1-1536x1020.jpg 1536w, https:\/\/gustavoalejandromercado.fpcei.eu\/wp-content\/uploads\/2025\/12\/galaxia-1-2048x1360.jpg 2048w\" sizes=\"(max-width: 1024px) 100vw, 1024px\" \/><span aria-hidden=\"true\" class=\"wp-block-cover__background has-background-dim\" style=\"background-color:#252923\"><\/span><div class=\"wp-block-cover__inner-container is-layout-constrained wp-block-cover-is-layout-constrained\">\n<p>Descubre los Misterios del Cosmos<\/p>\n<\/div><\/div>\n\n\n\n<p>Bienvenido a Tu Portal al Cosmos. Este es tu portal personal hacia las profundidades del espacio. Nuestra misi\u00f3n es simple, pero esencial: descifrar la complejidad del universo, desde el origen de las estrellas hasta la b\u00fasqueda de vida en otros mundos, y hacerlo accesible para todos. Aqu\u00ed la ciencia se encuentra con la maravilla.<\/p>\n\n\n\n<h3 class=\"wp-block-heading\">Nuestros Pilares de Exploracion<\/h3>\n\n\n\n<ul class=\"wp-block-list\">\n<li><strong>Astrof\u00edsica Profunda:<\/strong> Art\u00edculos sobre agujeros negros, materia oscura y el ciclo de vida de las estrellas.<\/li>\n\n\n\n<li><strong>Tecnolog\u00eda y Futuro:<\/strong> An\u00e1lisis de misiones modernas como el JWST y los planes de colonizaci\u00f3n de Marte.<\/li>\n\n\n\n<li><strong>Historia C\u00f3smica:<\/strong> Gu\u00edas sobre c\u00f3mo y qui\u00e9n inici\u00f3 la astronom\u00eda.<\/li>\n<\/ul>\n\n\n\n<div class=\"wp-block-buttons is-layout-flex wp-block-buttons-is-layout-flex\"><\/div>\n\n\n\n<blockquote class=\"wp-block-quote is-layout-flow wp-block-quote-is-layout-flow\">\n<blockquote class=\"wp-block-quote is-layout-flow wp-block-quote-is-layout-flow\">\n<p><strong>\u00abLa exploraci\u00f3n del universo es un viaje sin fin que nos recuerda lo vasto y lo bello que es el lugar que llamamos hogar.\u00bb<\/strong><\/p>\n<\/blockquote>\n<\/blockquote>\n\n\n\n<p><\/p>\n\n\n<div class=\"frm_forms  with_frm_style frm_style_estilo-de-formidable\" id=\"frm_form_1_container\" >\n<form enctype=\"multipart\/form-data\" method=\"post\" class=\"frm-show-form \" id=\"form_contact-form\" >\n<div class=\"frm_form_fields \">\n<fieldset>\n<legend class=\"frm_screen_reader\">Contact Us<\/legend>\r\n\r\n<div class=\"frm_fields_container\">\n<input type=\"hidden\" name=\"frm_action\" value=\"create\" \/>\n<input type=\"hidden\" name=\"form_id\" value=\"1\" \/>\n<input type=\"hidden\" name=\"frm_hide_fields_1\" id=\"frm_hide_fields_1\" value=\"\" \/>\n<input type=\"hidden\" name=\"form_key\" value=\"contact-form\" \/>\n<input type=\"hidden\" name=\"item_meta[0]\" value=\"\" \/>\n<input type=\"hidden\" id=\"frm_submit_entry_1\" name=\"frm_submit_entry_1\" value=\"52efa90936\" \/><input type=\"hidden\" name=\"_wp_http_referer\" value=\"\/index.php?rest_route=%2Fwp%2Fv2%2Fpages%2F54\" \/><div id=\"frm_field_17_container\" class=\"frm_form_field form-field  frm_required_field frm_top_container\">\r\n\t<label for=\"field_uhujt\" id=\"field_uhujt_label\" class=\"frm_primary_label\">Nombre y Apellidos\r\n\t\t<span class=\"frm_required\" aria-hidden=\"true\">*<\/span>\r\n\t<\/label>\r\n\t<input type=\"text\" id=\"field_uhujt\" name=\"item_meta[17]\" value=\"\"  data-reqmsg=\"Nombre y Apellidos no puede estar en blanco.\" aria-required=\"true\" data-invmsg=\"Nombre y Apellidos no es v\u00e1lido\" aria-invalid=\"false\"  \/>\r\n\t\r\n\t\r\n<\/div>\n<div id=\"frm_field_3_container\" class=\"frm_form_field form-field  frm_required_field frm_top_container frm_full\">\r\n\t<label for=\"field_29yf4d\" id=\"field_29yf4d_label\" class=\"frm_primary_label\">Correo electronico \r\n\t\t<span class=\"frm_required\" aria-hidden=\"true\">*<\/span>\r\n\t<\/label>\r\n\t<input type=\"email\" id=\"field_29yf4d\" name=\"item_meta[3]\" value=\"\"  data-reqmsg=\"Correo electronico  no puede estar en blanco.\" aria-required=\"true\" data-invmsg=\"Please enter a valid email address\" aria-invalid=\"false\"  \/>\r\n\t\r\n\t\r\n<\/div>\n<div id=\"frm_field_19_container\" class=\"frm_form_field form-field  frm_required_field frm_top_container vertical_radio\">\r\n\t<div  id=\"field_sne5h_label\" class=\"frm_primary_label\"> \r\n\t\t<span class=\"frm_required\" aria-hidden=\"true\">*<\/span>\r\n\t<\/div>\r\n\t<div class=\"frm_opt_container\" aria-labelledby=\"field_sne5h_label\" role=\"group\">\t\t<div class=\"frm_checkbox\" id=\"frm_checkbox_19-0\">\t\t\t<label  for=\"field_sne5h-0\">\n\t\t\t<input type=\"checkbox\" name=\"item_meta[19][]\" id=\"field_sne5h-0\" value=\"Doy mi consentimiento para que se traten mis datos segun la politica de privacidad\"  data-reqmsg=\"  no puede estar en blanco.\" data-invmsg=\"  no es v\u00e1lido\"   aria-required=\"true\"  \/> Doy mi consentimiento para que se traten mis datos segun la politica de privacidad<\/label><\/div>\n<\/div>\r\n\t\r\n\t\r\n<\/div>\n<div id=\"frm_field_15_container\" class=\"frm_form_field form-field \">\r\n\t<div class=\"frm_submit frm_flex\">\r\n<button class=\"frm_button_submit\" type=\"submit\"  >Enviar<\/button>\r\n\r\n\r\n\r\n<\/div>\r\n<\/div>\n\t<input type=\"hidden\" name=\"item_key\" value=\"\" \/>\n\t\t\t<div id=\"frm_field_25_container\">\n\t\t\t<label for=\"field_a64kf\" >\n\t\t\t\tSi eres humano, deja este campo en blanco.\t\t\t<\/label>\n\t\t\t<input  id=\"field_a64kf\" type=\"text\" class=\"frm_form_field form-field frm_verify\" name=\"item_meta[25]\" value=\"\"  \/>\n\t\t<\/div>\n\t\t<input name=\"frm_state\" type=\"hidden\" value=\"75K4S8PuqSxAYVb5yUYjoR75n45h9Q8mjUTxGu4ye3c=\" \/><\/div>\n<\/fieldset>\n<\/div>\n\n<\/form>\n<\/div>\n","protected":false},"excerpt":{"rendered":"<p>Bienvenido a Tu Portal al Cosmos. Este es tu portal personal hacia las profundidades del espacio. Nuestra misi\u00f3n es simple, [&hellip;]<\/p>\n","protected":false},"author":2,"featured_media":0,"parent":0,"menu_order":0,"comment_status":"closed","ping_status":"closed","template":"","meta":{"_uag_custom_page_level_css":"","site-sidebar-layout":"default","site-content-layout":"","ast-site-content-layout":"default","site-content-style":"default","site-sidebar-style":"default","ast-global-header-display":"","ast-banner-title-visibility":"","ast-main-header-display":"","ast-hfb-above-header-display":"","ast-hfb-below-header-display":"","ast-hfb-mobile-header-display":"","site-post-title":"","ast-breadcrumbs-content":"","ast-featured-img":"","footer-sml-layout":"","theme-transparent-header-meta":"","adv-header-id-meta":"","stick-header-meta":"","header-above-stick-meta":"","header-main-stick-meta":"","header-below-stick-meta":"","astra-migrate-meta-layouts":"default","ast-page-background-enabled":"default","ast-page-background-meta":{"desktop":{"background-color":"var(--ast-global-color-5)","background-image":"","background-repeat":"repeat","background-position":"center center","background-size":"auto","background-attachment":"scroll","background-type":"","background-media":"","overlay-type":"","overlay-color":"","overlay-opacity":"","overlay-gradient":""},"tablet":{"background-color":"","background-image":"","background-repeat":"repeat","background-position":"center center","background-size":"auto","background-attachment":"scroll","background-type":"","background-media":"","overlay-type":"","overlay-color":"","overlay-opacity":"","overlay-gradient":""},"mobile":{"background-color":"","background-image":"","background-repeat":"repeat","background-position":"center center","background-size":"auto","background-attachment":"scroll","background-type":"","background-media":"","overlay-type":"","overlay-color":"","overlay-opacity":"","overlay-gradient":""}},"ast-content-background-meta":{"desktop":{"background-color":"var(--ast-global-color-4)","background-image":"","background-repeat":"repeat","background-position":"center center","background-size":"auto","background-attachment":"scroll","background-type":"","background-media":"","overlay-type":"","overlay-color":"","overlay-opacity":"","overlay-gradient":""},"tablet":{"background-color":"var(--ast-global-color-4)","background-image":"","background-repeat":"repeat","background-position":"center center","background-size":"auto","background-attachment":"scroll","background-type":"","background-media":"","overlay-type":"","overlay-color":"","overlay-opacity":"","overlay-gradient":""},"mobile":{"background-color":"var(--ast-global-color-4)","background-image":"","background-repeat":"repeat","background-position":"center center","background-size":"auto","background-attachment":"scroll","background-type":"","background-media":"","overlay-type":"","overlay-color":"","overlay-opacity":"","overlay-gradient":""}},"footnotes":""},"class_list":["post-54","page","type-page","status-publish","hentry"],"uagb_featured_image_src":{"full":false,"thumbnail":false,"medium":false,"medium_large":false,"large":false,"1536x1536":false,"2048x2048":false},"uagb_author_info":{"display_name":"Gustavo Alejandro Mercado Molina","author_link":"https:\/\/gustavoalejandromercado.fpcei.eu\/?author=2"},"uagb_comment_info":0,"uagb_excerpt":"Bienvenido a Tu Portal al Cosmos. Este es tu portal personal hacia las profundidades del espacio. Nuestra misi\u00f3n es simple, [&hellip;]","_links":{"self":[{"href":"https:\/\/gustavoalejandromercado.fpcei.eu\/index.php?rest_route=\/wp\/v2\/pages\/54","targetHints":{"allow":["GET"]}}],"collection":[{"href":"https:\/\/gustavoalejandromercado.fpcei.eu\/index.php?rest_route=\/wp\/v2\/pages"}],"about":[{"href":"https:\/\/gustavoalejandromercado.fpcei.eu\/index.php?rest_route=\/wp\/v2\/types\/page"}],"author":[{"embeddable":true,"href":"https:\/\/gustavoalejandromercado.fpcei.eu\/index.php?rest_route=\/wp\/v2\/users\/2"}],"replies":[{"embeddable":true,"href":"https:\/\/gustavoalejandromercado.fpcei.eu\/index.php?rest_route=%2Fwp%2Fv2%2Fcomments&post=54"}],"version-history":[{"count":6,"href":"https:\/\/gustavoalejandromercado.fpcei.eu\/index.php?rest_route=\/wp\/v2\/pages\/54\/revisions"}],"predecessor-version":[{"id":154,"href":"https:\/\/gustavoalejandromercado.fpcei.eu\/index.php?rest_route=\/wp\/v2\/pages\/54\/revisions\/154"}],"wp:attachment":[{"href":"https:\/\/gustavoalejandromercado.fpcei.eu\/index.php?rest_route=%2Fwp%2Fv2%2Fmedia&parent=54"}],"curies":[{"name":"wp","href":"https:\/\/api.w.org\/{rel}","templated":true}]}}